{"id":535,"date":"2025-08-07T10:50:42","date_gmt":"2025-08-07T10:50:42","guid":{"rendered":"https:\/\/acs-maroc.org\/?page_id=535"},"modified":"2026-04-11T20:43:01","modified_gmt":"2026-04-11T20:43:01","slug":"a-propos-de-lacs","status":"publish","type":"page","link":"https:\/\/acs-maroc.org\/?page_id=535","title":{"rendered":""},"content":{"rendered":"<article class=\"text-token-text-primary w-full focus:outline-none scroll-mt-[calc(var(--header-height)+min(200px,max(70px,20svh)))]\" dir=\"auto\" tabindex=\"-1\" data-turn-id=\"58251566-1228-44d2-84c0-a444f6802a70\" data-testid=\"conversation-turn-4\" data-scroll-anchor=\"true\" data-turn=\"assistant\">\n<div class=\"text-base my-auto mx-auto pb-10 [--thread-content-margin:--spacing(4)] @[37rem]:[--thread-content-margin:--spacing(6)] @[72rem]:[--thread-content-margin:--spacing(16)] px-(--thread-content-margin)\">\n<div class=\"[--thread-content-max-width:32rem] @[34rem]:[--thread-content-max-width:40rem] @[64rem]:[--thread-content-max-width:48rem] mx-auto max-w-(--thread-content-max-width) flex-1 group\/turn-messages focus-visible:outline-hidden relative flex w-full min-w-0 flex-col agent-turn\" tabindex=\"-1\">\n<div class=\"flex max-w-full flex-col grow\">\n<div class=\"min-h-8 text-message relative flex w-full flex-col items-end gap-2 text-start break-words whitespace-normal [.text-message+&amp;]:mt-5\" dir=\"auto\" data-message-author-role=\"assistant\" data-message-id=\"58251566-1228-44d2-84c0-a444f6802a70\" data-message-model-slug=\"gpt-4o\">\n<div class=\"flex w-full flex-col gap-1 empty:hidden first:pt-[3px]\">\n<div class=\"markdown prose dark:prose-invert w-full break-words dark markdown-new-styling\">\n<h2 style=\"text-align: center;\" data-start=\"147\" data-end=\"205\"><span style=\"color: #000080;\">\u00c0 propos de l\u2019Association des Cardiologues du Sud (ACS)<\/span><\/h2>\n<p data-start=\"207\" data-end=\"588\">Fond\u00e9e par un groupe de cardiologues passionn\u00e9s, <strong data-start=\"256\" data-end=\"303\">l\u2019Association des Cardiologues du Sud (ACS)<\/strong> \u0153uvre depuis plusieurs ann\u00e9es pour le d\u00e9veloppement de la <strong data-start=\"362\" data-end=\"405\">cardiologie dans la r\u00e9gion Sud du Maroc<\/strong>. Elle regroupe des professionnels de la sant\u00e9 anim\u00e9s par le m\u00eame objectif : <strong data-start=\"482\" data-end=\"531\">am\u00e9liorer la prise en charge cardiovasculaire<\/strong> \u00e0 travers la formation, l\u2019\u00e9change et la sensibilisation.<\/p>\n<h3 data-start=\"590\" data-end=\"607\"><span style=\"color: #ff0000;\">Nos objectifs<\/span><\/h3>\n<ul data-start=\"609\" data-end=\"1091\">\n<li data-start=\"609\" data-end=\"774\">\n<p data-start=\"611\" data-end=\"774\"><strong data-start=\"611\" data-end=\"653\">Organiser des \u00e9v\u00e9nements scientifiques<\/strong> comme les <em data-start=\"664\" data-end=\"696\">Journ\u00e9es de Cardiologie du Sud<\/em> et <em data-start=\"700\" data-end=\"709\">SUDECHO<\/em> afin de favoriser le partage des connaissances entre praticiens.<\/p>\n<\/li>\n<li data-start=\"775\" data-end=\"874\">\n<p data-start=\"777\" data-end=\"874\"><strong data-start=\"777\" data-end=\"826\">Former en continu les professionnels de sant\u00e9<\/strong>, notamment les jeunes m\u00e9decins et les internes.<\/p>\n<\/li>\n<li data-start=\"875\" data-end=\"1001\">\n<p data-start=\"877\" data-end=\"1001\"><strong data-start=\"877\" data-end=\"903\">Sensibiliser le public<\/strong> aux maladies cardiovasculaires \u00e0 travers des campagnes d&rsquo;information et des actions de proximit\u00e9.<\/p>\n<\/li>\n<li data-start=\"1002\" data-end=\"1091\">\n<p data-start=\"1004\" data-end=\"1091\"><strong data-start=\"1004\" data-end=\"1034\">Renforcer la collaboration<\/strong> entre les diff\u00e9rents acteurs de la sant\u00e9 dans la r\u00e9gion.<\/p>\n<\/li>\n<\/ul>\n<h3 data-start=\"1093\" data-end=\"1108\"><span style=\"color: #ff0000;\">Nos valeurs<\/span><\/h3>\n<p data-start=\"1110\" data-end=\"1226\">\ud83d\udd39 <strong data-start=\"1113\" data-end=\"1133\">\u00c9thique m\u00e9dicale<\/strong><br data-start=\"1133\" data-end=\"1136\" \/>\ud83d\udd39 <strong data-start=\"1139\" data-end=\"1162\">Engagement r\u00e9gional<\/strong><br data-start=\"1162\" data-end=\"1165\" \/>\ud83d\udd39 <strong data-start=\"1168\" data-end=\"1195\">Excellence scientifique<\/strong><br data-start=\"1195\" data-end=\"1198\" \/>\ud83d\udd39 <strong data-start=\"1201\" data-end=\"1226\">Partage et solidarit\u00e9<\/strong><\/p>\n<h3 data-start=\"1228\" data-end=\"1243\"><span style=\"color: #ff0000;\">Nos actions<\/span><\/h3>\n<p data-start=\"1245\" data-end=\"1525\">Chaque ann\u00e9e, l\u2019ACS organise des \u00e9v\u00e9nements m\u00e9dicaux de haut niveau, rassemblant des sp\u00e9cialistes marocains et internationaux. Ces rencontres sont devenues un rendez-vous incontournable pour les professionnels de la sant\u00e9 souhaitant rester \u00e0 la pointe des avanc\u00e9es en cardiologie.<\/p>\n<p data-start=\"1245\" data-end=\"1525\"><img fetchpriority=\"high\" decoding=\"async\" class=\"size-full wp-image-617 aligncenter\" src=\"https:\/\/acs-maroc.org\/wp-content\/uploads\/2025\/08\/cropped-acs-entete-logo-2.png\" alt=\"\" width=\"1487\" height=\"440\" srcset=\"https:\/\/acs-maroc.org\/wp-content\/uploads\/2025\/08\/cropped-acs-entete-logo-2.png 1487w, https:\/\/acs-maroc.org\/wp-content\/uploads\/2025\/08\/cropped-acs-entete-logo-2-300x89.png 300w, https:\/\/acs-maroc.org\/wp-content\/uploads\/2025\/08\/cropped-acs-entete-logo-2-1024x303.png 1024w, https:\/\/acs-maroc.org\/wp-content\/uploads\/2025\/08\/cropped-acs-entete-logo-2-768x227.png 768w\" sizes=\"(max-width: 1487px) 100vw, 1487px\" \/><\/p>\n<\/div>\n<\/div>\n<\/div>\n<\/div>\n<div class=\"aria-live=polite absolute select-none\">\n<div class=\"flex items-center justify-center\"><\/div>\n<\/div>\n<\/div>\n<\/div>\n<\/article>\n<div class=\"pointer-events-none h-px w-px\" aria-hidden=\"true\" data-edge=\"true\"><\/div>\n","protected":false},"excerpt":{"rendered":"<p>\u00c0 propos de l\u2019Association des Cardiologues du Sud (ACS) Fond\u00e9e par un groupe de cardiologues passionn\u00e9s, l\u2019Association des Cardiologues du Sud (ACS) \u0153uvre depuis plusieurs ann\u00e9es pour le d\u00e9veloppement de la cardiologie dans la r\u00e9gion Sud du Maroc. Elle regroupe des professionnels de la sant\u00e9 anim\u00e9s par le m\u00eame objectif : am\u00e9liorer la prise en [&hellip;]<\/p>\n","protected":false},"author":1,"featured_media":0,"parent":0,"menu_order":0,"comment_status":"closed","ping_status":"closed","template":"","meta":{"ngg_post_thumbnail":0,"footnotes":""},"class_list":["post-535","page","type-page","status-publish","hentry","entry"],"_links":{"self":[{"href":"https:\/\/acs-maroc.org\/index.php?rest_route=\/wp\/v2\/pages\/535","targetHints":{"allow":["GET"]}}],"collection":[{"href":"https:\/\/acs-maroc.org\/index.php?rest_route=\/wp\/v2\/pages"}],"about":[{"href":"https:\/\/acs-maroc.org\/index.php?rest_route=\/wp\/v2\/types\/page"}],"author":[{"embeddable":true,"href":"https:\/\/acs-maroc.org\/index.php?rest_route=\/wp\/v2\/users\/1"}],"replies":[{"embeddable":true,"href":"https:\/\/acs-maroc.org\/index.php?rest_route=%2Fwp%2Fv2%2Fcomments&post=535"}],"version-history":[{"count":4,"href":"https:\/\/acs-maroc.org\/index.php?rest_route=\/wp\/v2\/pages\/535\/revisions"}],"predecessor-version":[{"id":622,"href":"https:\/\/acs-maroc.org\/index.php?rest_route=\/wp\/v2\/pages\/535\/revisions\/622"}],"wp:attachment":[{"href":"https:\/\/acs-maroc.org\/index.php?rest_route=%2Fwp%2Fv2%2Fmedia&parent=535"}],"curies":[{"name":"wp","href":"https:\/\/api.w.org\/{rel}","templated":true}]}}